 be (-475)/95*(-16)/(-10). Let y(a) = -4*a - 28. Determine y(i).
4
Let z(c) = c**3 - 7*c**2 - 3*c + 11. Let i be z(7). Let w be (54/(-30))/(3/i). Suppose 4*b - w = -2. Let q(o) = -2*o**3 + 2*o**2 - 2*o + 1. Give q(b).
-1
Let v(b) = b + 5. Let y = -177 - -177. Let f(o) = -10*o - 5. Let s be f(y). Calculate v(s).
0
Let u(t) be the second derivative of t**4/2 - 2*t**3/3 - t**2/2 - 73*t. Determine u(2).
15
Let y(m) = -m**2 - 15*m + 23. Suppose 1 = -x - 3*l, 0 = 4*x + 4*l + 33 + 11. Give y(x).
7
Let w = 9 + -6. Let p(i) = -5*i + 2*i**3 - 3*i**3 - 4*i**2 - w*i**2 + 5. Suppose -70*k - 147 = -22*k + 141. Calculate p(k).
-1
Let w(b) = -5*b - 2. Suppose 371 = -20*m + 291. Let c(a) be the third derivative of a**4/4 + a**3/2 - a**2. Let v(p) = m*w(p) - 3*c(p). What is v(-2)?
-5
Let d = -54 - -92. Suppose -h + 19 = -4*s + d, -s - 2*h - 2 = 0. Let q(g) = 2*g + 2*g - 3*g + 1 - 4. What is q(s)?
1
Let o(z) be the third derivative of 5*z**4/8 - 9*z**3 + 41*z**2 - 7*z. What is o(4)?
6
Suppose 488 = 34*l + 27*l. Let q(r) = -r**2 + 8*r - 1. Give q(l).
-1
Let b(r) = r**2 - 2*r**2 + 94129*r - 47075*r - 343 - 46982*r. What is b(5)?
-8
Let p(g) = -g**2 - 15*g - 43. Suppose -38*t - 28 = -36*t - 2*f, -14 = -2*t - 4*f. Calculate p(t).
13
Let o(b) = b**2 - 3*b - 1. Let s be ((-1)/3 - (-60)/18) + 11. Let n be 74/s + 4*(-5)/70. Determine o(n).
9
Let n(j) = -j**2 + 7*j - 2. Suppose -5*p + 10 = 5*y, 5*p = -2*y + 7*y + 10. Suppose -7 + p = -d. Give n(d).
8
Let w(r) = 4*r + 2. Let d = -15 - -27. Suppose -10*k = -8*k + d. Let p be (-2)/k + 80/(-24) + 1. Give w(p).
-6
Let g(x) = x**3 - 6*x**2 + 3*x - 6. Let s = 86 + -84. Suppose -17*j = -15*j + 22. Let p be (-68)/(-11) - -1*s/j. Give g(p).
12
Suppose -7*b - b - 116 + 148 = 0. Let a(v) be the third derivative of -v**3 - 1/60*v**5 + 0 + 0*v + 11*v**2 + 1/3*v**b. What is a(7)?
1
Let v(i) = -38*i**2 + 111*i - 130. Let o(j) = 7*j**2 - 22*j + 25. Let f(k) = -11*o(k) - 2*v(k). Calculate f(21).
-36
Let c(u) = -2 + 317*u - 316*u + 1. Let t be c(3). Let m(n) = -4*n**t + 8 - 2 - n**3 - 2*n + 8*n. What is m(-5)?
1
Let p be (-3)/((-10)/(-6) + -2). Let m(g) = -4*g - 2*g - 5*g - 7*g**2 + 2*g**3 + 13 + 2*g. Let h(s) = s**3 + s**2 + s + 1. Let a(c) = h(c) - m(c). Give a(p).
-3
Let p(w) = -w**3 + w**2 + w + 4. Let f(i) = -7*i**3 - i**2 - 5*i - 5. Let x(l) = -f(l) + 6*p(l). Determine x(-6).
-1
Let r(z) be the second derivative of -1/6*z**3 - 10*z + 1/2*z**2 + 7 - z**4. Suppose 2*j - 3 = -y, -2*y + 5*j + 0 - 3 = 0. Calculate r(y).
-12
Let n(h) = -5*h + 2681 - 2673 - 61*h**2 + 57*h**2. Determine n(-2).
2
Let f = 167 + -124. Suppose -8*g = -f*g - 210. Let m(a) be the third derivative of a**5/60 + a**4/4 + a**3 - 3*a**2. What is m(g)?
6
Suppose 3*z + 32 = 4*o, z + 0 + 4 = 0. Let q(c) = 3*c + 95. Let g(f) = 3*f + 100. Let s(x) = -18*g(x) + 19*q(x). Give s(o).
20
Let w(m) = 226*m**3 + 11*m**2 + 13 - 358*m**3 + 133*m**3 - 2*m**2 + 14*m. What is w(-7)?
13
Let n(u) = -2*u**2 - 9*u + 13. Let b be 16 + (-44)/(-4) + -23. Give n(b).
-55
Let p(x) = -11*x - 227. Let i be p(-20). Let s(r) = 4*r + 17. Give s(i).
-11
Let j(c) = c**2 - c + 6. Let l(t) = t**2 + 4*t + 5. Let p be l(-4). Let s be ((-5)/p - -84) + 0 + -1. Let q = s + -82. Determine j(q).
6
Let q(o) = -o**2 + o - 1. Let p(d) = d**2 - d + 21. Let m be p(7). Suppose 3*a + 63 = m. Suppose a = 9*c - 2*c - 21. Give q(c).
-7
Let k(h) = -195 + 51*h + 177 - 64*h - 13*h**2 + h**3. Calculate k(14).
-4
Let y = -3 - 3. Let x(r) = -r**3 + r**2 + r. Let l(b) = 4*b**3 + 3*b**2 - 3*b + 6. Let i(g) = l(g) + 3*x(g). Give i(y).
6
Let n(t) be the first derivative of t**2 - 8*t - 614. Let j be (-176)/33 + 24/(-9) + 2. Determine n(j).
-20
Let z(k) = -69*k + 5 - 3 + 82*k. Let a be 2*4/24*6. What is z(a)?
28
Let i(s) = -s**2 - s - 1. Let c(f) = 5*f**2 - 2*f + 4. Let r(m) = -c(m) - 6*i(m). Let a be (-2 - -2) + (1 - -1)*-4. Give r(a).
2
Let s(h) = h - 8. Let q be s(0). Let o(l) be the second derivative of l**5/20 + 7*l**4/12 - 4*l**3/3 + 97*l + 17. Calculate o(q).
0
Let w(k) = 1 - 4*k**3 - 35*k + 63*k + 2*k**2 + k**2 - 25*k. Let u be w(-1). Let z(a) = -a**2 + 3*a - 5. Calculate z(u).
-15
Let v(q) = q**3 + 3*q**2 + q - 4. Let h(n) = 2*n**2 - 3*n. Let g be h(2). Let f be 4/12 - (-16)/36*15. Suppose -f*d + g*d = 15. Determine v(d).
-7
Suppose -4 = 2*g - 0. Let a(l) = 10*l - 17. Let f be a(2). Let m(t) = t**f - 3*t + 6*t + 2415*t**2 + 1 - 2412*t**2. Determine m(g).
-1
Suppose -5 = -z - 2*v, 0 = -2*z + 10*v - 11*v + 10. Suppose 8 = -b + 3*b. Let k(h) = h**3 - 4 - h**3 - 4*h - b*h**3 - 4*h**2 + 5*h**3. Give k(z).
1
Let a(s) = 2*s - 1. Suppose -o + 2*h + 5 = 4*o, 2*o = h + 1. Let r be 28/6 - o/(-9). Suppose 0 = -b + m - 3*m + 3, r*b = -5*m + 15. Give a(b).
5
Let o(g) = g**2 - 9*g + 23. Let h be o(7). Let t(p) = p**2 - 14*p + 40. Determine t(h).
-5
Let i = -5427 - -5467. Let m(y) = y**3 - 39*y**2 - 41*y + 40. Determine m(i).
0
Let h(q) be the third derivative of q**5/60 + q**4/24 - q**3/6 - q**2. Let c(n) = -n**2 - 18*n + 141. Let i be c(6). Give h(i).
5
Let d(h) = 17*h**2 - 45*h + 182. Let q(o) = -24*o**2 + 67*o - 275. Let c(x) = -7*d(x) - 5*q(x). Determine c(10).
1
Let a(i) = -18*i**2 - i. Suppose 252 - 60 = 48*h. Let c = 2 + -4. Let p be c*((-2)/h)/1. Give a(p).
-19
Let n(k) be the second derivative of 1/20*k**5 + 1/6*k**3 + 13*k - 1/3*k**4 + 0 - k**2. Suppose -v + 1 = -3. Calculate n(v).
2
Let p = 253 + -228. Let g be 2/((-85)/p + 3). Let o(b) = b + 2. Give o(g).
-3
Let q = 674 - 673. Let t(o) = 0 + 0*o + 10*o + 11*o - q - 9*o. What is t(1)?
11
Let h = 187 - 186. Suppose 5*t + 0*t = 10. Let a(d) = 1 + 0*d**2 - 3*d**t + 0*d**2. Calculate a(h).
-2
Let d(a) = 27*a**2 - 236*a - 66. Let x be d(9). Let z(v) = v - v**2 - 3 + 7 + 0*v**2. Calculate z(x).
-8
Let q(i) be the second derivative of 5*i**3/6 + 13*i**2/2 - 44*i. Let n(m) = -m - 3. Let f(w) = -9*n(w) - 2*q(w). What is f(-7)?
8
Let z(u) be the second derivative of -u**3/2 + 5*u**2/2 - 3*u. Let m be (12/8)/(-3)*-26. Let b = -8 + m. Determine z(b).
-10
Let z(r) be the second derivative of 1/30*r**5 - 1/3*r**3 - 17/2*r**2 + 0 + 5*r + 0*r**4. Let o(s) be the first derivative of z(s). Calculate o(2).
6
Let g(i) be the first derivative of -5*i**4/2 + 2*i**3/3 - i + 2. Let x(o) = -13*o - 30. Let v be x(0). Let d be 4 - (-1)/(6/v). Give g(d).
11
Let p(l) = l**2 - 16*l + 46. Let u be p(3). Let g(a) = a**2 - 5*a - 22. Calculate g(u).
-8
Let a(b) = 3418*b - 4 - 1699*b - 1720*b. Suppose 0*v = 4*v + 4, -4*v = 5*g + 4. Determine a(g).
-4
Let z(h) be the first derivative of h**5/120 + 5*h**4/12 + 12*h**3 - 71. Let j(k) be the third derivative of z(k). Let x be 2 + -2 + 10/(-2). Give j(x).
5
Suppose -42 = -13*c + 10. Let z(t) = 14*t - 54. Let i be z(c). Let q(p) be the third derivative of -5*p**4/24 + p**3/3 + 2*p**2. Determine q(i).
-8
Let n(p) = -6*p**2 - 37*p - 64. Let s be n(-5). Let z(u) = u**3 + 34*u**2 + 144*u - 22. Determine z(s).
7
Suppose 0 = 2*o + o + 12. Let n = -638 + 641. Let t(l) = -n*l - 4*l - 2*l - 3*l + 9*l. Give t(o).
12
Let x(f) = 27*f**2 + 18*f - 36. Let k(g) = 40*g**2 + 27*g - 54. Let c(b) = -5*k(b) + 8*x(b). Let z(l) = -3*l**2 + 1. Let a(u) = c(u) + 5*z(u). Determine a(-10).
-3
Let c(d) = 5*d + 88 - 31 - 33 - 72. Give c(10).
2
Let g(z) = -z**2 - 11*z - 12. Let d(v) = -2*v**2 - 23*v - 25. Let q(j) = 3*d(j) - 7*g(j). Let x(i) = i**3 - i**2 + 8*i + 20. Let y be x(-2). What is q(y)?
9
Let t = -3722 - -3715. Let a(u) = -5*u**2 + 28*u + 33. Let h(m) = m**2 - 7*m - 8. Let z(p) = 2*a(p) + 9*h(p). What is z(t)?
-6
Suppose 0 = 10*v - 2*v. Let y(g) = -2*g**3 + g**2 - g + 5. Let s(b) = 3*b**3 - 2*b**2 + 2*b - 10. Let w(q) = -3*s(q) - 5*y(q). Determine w(v).
5
Let v(l) = 114*l - 219. Let o be v(2). Let d(f) = 6*f - 58. Determine d(o).
-4
Let o(q) = 116 + 6*q**2 - 43*q - 4*q**2 - 7*q**2 + 5*q**2 + 2*q**2. Determine o(18).
-10
Let c be ((80/25)/4)/((-2)/(-5)). Suppose 3*q - c = 10. Let w(z) = -2*z - 3. Determine w(q).
-11
Let s(z) = 2*z + 2. Let g(h) = h**2 + 11*h - 3. Let r be g(-12). Suppose -r = 2*n - 51. Suppose 123*w = 120*w - n. Calculate s(w).
-12
Let f(a) = 3 + 2 + 70*a**3 - 4 - 5*a + 4*a + 0*a. Give f(1).
70
Suppose 79 = -189*n - 488. Let d(z) = -1 + 3 - 2*z - 2*z**2 - 1. Determine d(n).
-11
Let i(o) be the first derivative of -28*o - 217 - 3/2*o**2. Determine i(-8).
-4
Let r(d) 